30 - 10. Calculate the greatest common divisor of z and h.
10
Let i = -14 + 0. Suppose 4*z = 461 + 1579. Let c be z/21 - (-4)/i. What is the highest common factor of 3 and c?
3
Let x(i) = -i**3 - 31*i**2 - i - 12. Let t be x(-31). What is the greatest common factor of t and 19?
19
Suppose 7 = -5*o + 6*o + q, -3*o + 19 = 5*q. What is the highest common divisor of 62 and o?
2
Suppose -5*d + 2*d - 18 = -i, -5*d - 5 = 0. Let m = i - -41. Calculate the greatest common factor of m and 42.
14
Suppose 26*h + 1024 = 58*h. What is the greatest common divisor of 28 and h?
4
Let b(p) = p**3 - p**2 - 13*p + 12. Let k be b(-6). Let n = k - -272. What is the highest common divisor of n and 10?
10
Let o be 156/10 + (-4)/(-10). Let f(t) = -t**2 - t + 51. Let r be f(-9). Let n be (-3 + (-75)/r)*28. Calculate the highest common factor of o and n.
16
Let c(h) = -2*h**3 + h**2 + 5*h + 5. Let v be c(-2). Suppose -4*i + 3*g + 92 = 0, 0 = 3*i - 5*g - v - 65. What is the greatest common divisor of i and 8?
4
Let g = 3 - -19. Suppose 2*i = -3*z + 188, 5*z - 173 = -6*i + 127. What is the greatest common divisor of g and z?
22
Let m = 169 - 85. Suppose 0 = -4*p - 5*l + 92, -4*p + 83 = 3*l - 17. Calculate the highest common factor of m and p.
28
Let o(x) = -2*x - 64. Let f be o(-28). Let w(k) = 2*k**2 + 16*k + 12. Let p be w(f). What is the highest common divisor of p and 204?
12
Suppose 92 = 5*i + 2. Let v be 4/(3 + 2 + -3). What is the highest common factor of v and i?
2
Suppose -n + 5*k = -17, -k - 3*k - 20 = 0. Let h = n + 17. What is the greatest common divisor of h and 99?
9
Suppose -u - u - h = -10, 2 = -2*u + 2*h. Suppose 0 = -u*d + 6*d + 45. Let k be 5/2*(-84)/d. Calculate the greatest common divisor of 126 and k.
14
Let f(d) = d**2 - 4*d - 5. Let q be f(6). Suppose q*y - y - 378 = 0. Calculate the greatest common factor of 9 and y.
9
Let r(n) be the first derivative of 1 + 6 + 4*n**2 - 2*n**2. Let q be r(6). Calculate the highest common factor of 6 and q.
6
Suppose -2*x - 4*p = 10 - 56, 2*p + 142 = 4*x. Let c(u) = 11*u**2 - u - 1. Let s be c(-1). What is the greatest common factor of x and s?
11
Suppose -2*g + 4*f - 2 = 0, 5*f = 8*f - 6. Calculate the greatest common divisor of g and 2.
1
Let v(a) = 2*a + 9. Let k be v(-5). Let g be 3 + 1/(-1) + (-3)/k. Calculate the greatest common factor of 45 and g.
5
Suppose -f = -10*t + 5*t - 9, -2*t = -f + 21. Calculate the greatest common factor of f and 986.
29
Suppose 2*q + r + 146 = 0, -2*r = q + 14 + 53. Let s be (-5)/(q/66)*25. Let i = 0 - -10. Calculate the greatest common factor of s and i.
10
Let p = -13 + 15. Let w be p/(-14) + (-9)/(-63). Suppose 2*l + 2 - 12 = w. Calculate the highest common factor of l and 5.
5
Let x(c) = -c**2 - 13*c + 7. Let j be x(-7). Suppose -3*z = 2*i - 8 - 17, -20 = -4*z + 4*i. What is the highest common factor of z and j?
7
Let g(t) = t + 66. Let h be g(-28). What is the highest common factor of h and 19?
19
Let c = -2720 - -2726. Let l = 10 + -1. Calculate the highest common factor of c and l.
3
Let h(f) = f**2 + 8*f - 10. Let s be h(-8). Let j be (108/15)/((-2)/s). Let b be 10 + ((-22)/(-12) - (-5)/30). Calculate the greatest common divisor of j and b.
12
Let f = -37 + 48. Suppose 4*d + 3*m = -2*m + 17, f = d - m. Suppose -11 = -4*a + 5. What is the greatest common divisor of a and d?
4
Let j(b) = -19*b + 1. Let l be j(-1). Let x be -1*-1*(1 + -4). Let t be (x + 4)*(1 - -4). What is the greatest common factor of l and t?
5
Let n = 405 + -381. Calculate the highest common divisor of n and 552.
24
Let v = -2183 - -2343. What is the greatest common divisor of 20 and v?
20
Suppose 5*m + 779 = -346. Let z be (m/60)/((-6)/32). Let x(o) = -o + 5. Let q be x(0). Calculate the highest common divisor of z and q.
5
Let g = -28 + 5. Let h = g + 35. Calculate the highest common divisor of 8 and h.
4
Let a(u) = u**2 + 12*u + 14. Let p be a(-11). Suppose 3*y - 26 = -f, 2*y + 4*f + 26 = p*y. Calculate the highest common divisor of y and 20.
10
Let v = -58 + 89. Suppose -5*j = -1008 - 312. Let f = j + 15. What is the highest common divisor of v and f?
31
Let v = -318 - -340. Calculate the greatest common factor of 110 and v.
22
Let a be 3 + -2 - -12*10. Suppose -4*v - 5*j + 8 = -16, -4*v = 3*j - 32. What is the highest common factor of a and v?
11
Let y(r) = -r**2 + 41*r - 82. Let g be y(35). Calculate the highest common divisor of g and 16.
16
Suppose 16*j - 14*j = 8, -j + 39 = y. What is the greatest common divisor of 70 and y?
35
Let n(c) = -c**2 + 2*c**2 + 26*c**2. Let l be n(1). Let p = -13 + l. Calculate the greatest common divisor of 28 and p.
14
Let y be ((-6)/(-8))/(9*(-6)/(-2592)). Calculate the highest common divisor of y and 144.
36
Let x = -148 - -264. What is the greatest common factor of x and 290?
58
Let z(w) be the first derivative of -w - 3. Let s(x) = -x + 2. Let p(d) = 6*s(d) + 13*z(d). Let k be p(-4). Calculate the highest common divisor of k and 46.
23
Let h be 24/(-14)*63/(-6). Suppose -3*g + 0*g = -p - 134, 5*g - 5*p = 220. Calculate the greatest common factor of h and g.
9
Let j = 4613 + -4533. Let g be 12 + (-2 + 1)*2. Calculate the highest common divisor of j and g.
10
Suppose 4*x - 15 = 25. Let z be x*((-9)/(-6))/1. Suppose z + 15 = 2*k. What is the greatest common factor of 105 and k?
15
Let r be ((-9)/(-2))/((-9)/(-18)). Suppose 0 = -g + 2 + r. Let w(t) = 8*t - 1. Let p be w(7). Calculate the greatest common factor of g and p.
11
Let k = 851 + -841. Calculate the greatest common divisor of k and 530.
10
Let w be 18/(-7)*1*(-84)/9. What is the greatest common divisor of w and 228?
12
Suppose -4*l - 2*n = -156 + 20, -6 = -3*n. Calculate the highest common factor of l and 165.
33
Let r be (-1 - -9)/2 - (25 - 43). What is the highest common divisor of r and 2?
2
Suppose -x + 5*x = 396. Let i(v) = v**2 - v + 11. Let a be 21/49 + 3/(-7). Let g be i(a). Calculate the greatest common factor of g and x.
11
Suppose -3*t = -0*t - 57. Let g = 44 - t. Calculate the highest common divisor of 15 and g.
5
Let y(j) = -7*j**2 - 28*j - 54. Let g(u) = 3*u**2 + 14*u + 27. Let t(v) = 9*g(v) + 4*y(v). Let k be t(11). What is the greatest common divisor of k and 15?
15
Let l(c) = 2*c**3 - 23*c**2 + 14*c - 21. Let h be l(11). What is the greatest common factor of h and 24?
12
Suppose 4*i = 4*z - 664, 5*i - 838 = -5*z + 6*i. Suppose 0 = -5*h - 3*h + 168. What is the greatest common factor of h and z?
21
Let z = 554 - 353. Let j = z - 131. What is the greatest common factor of j and 30?
10
Suppose 0 = 23*h + 3*h - 78. Let n = -11 - -14. What is the highest common factor of n and h?
3
Let i = 77 + -77. Suppose i = -11*b + 12*b - 65. Calculate the highest common factor of 10 and b.
5
Suppose -3*s + s = 0. Suppose -308 = -5*l + 4*a, s = 5*l + 3*a - 130 - 164. Suppose c = 20 - 8. What is the greatest common divisor of c and l?
12
Suppose -5*q + 8 = 3*x, 2*x + 6 = 7*x + q. Suppose 0 = -21*d + 7 + 161. Calculate the greatest common factor of x and d.
1
Let x = 31 + -19. Let j be (-21 - -5)*(-1 + (-93)/x). What is the highest common divisor of 20 and j?
20
Suppose -14 = -4*r + 2. Let y be ((-238)/r)/7*-2. Suppose -5*s = 3*v - 50, -2*v + 16 + y = 3*s. What is the greatest common factor of 6 and v?
3
Let j = -58 + 123. Calculate the greatest common divisor of j and 39.
13
Let u(j) = 87*j**3 + 1. Let p be u(1). What is the greatest common divisor of p and 22?
22
Let d(q) = 6*q**2 + 2*q. Let z be d(-2). Let v(h) = 6*h**2 - h - 4. Let w be v(-4). Let m = w - -64. What is the greatest common factor of z and m?
20
Let t be ((-9)/36)/(-1*(-1)/(-164)). Suppose -p + t - 9 = 0. What is the highest common divisor of 16 and p?
16
Suppose 4*g - 588 = f, g - 136 = -2*f + 5*f. Calculate the greatest common divisor of 666 and g.
74
Suppose -455 - 45 = -5*i. Calculate the highest common factor of i and 20.
20
Let q = 0 + 13. Let m(v) be the second derivative of -v**4/12 + 23*v**3/6 + 17*v**2/2 + 6*v. Let l be m(14). Calculate the highest common divisor of q and l.
13
Suppose 19 = 108*v - 107*v + 4*d, 136 = 4*v + 4*d. What is the greatest common factor of v and 1209?
39
Let k be 2*(-3)/(18/33). Let b = k + 13. What is the greatest common factor of b and 16?
2
Let k be ((-9570)/(-231))/(1/7). Calculate the greatest com